 of 19 and 7?
1
Calculate the highest common factor of 130 and 110.
10
What is the highest common factor of 23 and 92?
23
What is the greatest common divisor of 624 and 96?
48
Calculate the highest common factor of 85 and 1275.
85
Calculate the greatest common divisor of 186 and 42.
6
Calculate the highest common factor of 9 and 171.
9
What is the highest common divisor of 35 and 35?
35
What is the highest common divisor of 1473 and 3?
3
What is the highest common divisor of 34 and 85?
17
What is the highest common divisor of 4901 and 169?
169
Calculate the greatest common divisor of 11 and 319.
11
Calculate the highest common factor of 3 and 3.
3
What is the greatest common divisor of 3775 and 906?
151
What is the greatest common divisor of 7913 and 123?
41
Calculate the greatest common factor of 1770 and 472.
118
What is the highest common factor of 515 and 309?
103
Calculate the greatest common factor of 333 and 1813.
37
What is the highest common divisor of 1060 and 160?
20
What is the greatest common divisor of 375 and 450?
75
What is the highest common factor of 72 and 45?
9
What is the greatest common divisor of 6003 and 232?
29
What is the highest common divisor of 2268 and 168?
84
Calculate the highest common divisor of 12 and 71772.
12
What is the greatest common divisor of 1265 and 115?
115
What is the highest common divisor of 1 and 49?
1
What is the greatest common divisor of 124 and 7564?
124
Calculate the highest common factor of 692 and 21625.
173
What is the greatest common factor of 3002 and 316?
158
Calculate the highest common factor of 5085 and 3.
3
What is the greatest common factor of 29491 and 154?
77
What is the greatest common divisor of 4420 and 65?
65
What is the greatest common factor of 48 and 32?
16
What is the highest common divisor of 1224 and 96?
24
What is the highest common divisor of 13 and 3029?
13
Calculate the greatest common divisor of 8 and 820.
4
Calculate the greatest common factor of 51480 and 18.
18
What is the highest common factor of 12 and 180?
12
Calculate the greatest common factor of 84 and 2667.
21
Calculate the highest common factor of 418 and 88.
22
What is the greatest common divisor of 407 and 1716?
11
Calculate the greatest common divisor of 49035 and 105.
105
Calculate the highest common factor of 128 and 6368.
32
Calculate the highest common divisor of 117 and 1807.
13
Calculate the greatest common factor of 95844 and 196.
196
What is the greatest common factor of 7857 and 194?
97
Calculate the highest common factor of 15100 and 151.
151
What is the greatest common factor of 7 and 13979?
7
What is the highest common divisor of 1251 and 6?
3
Calculate the highest common factor of 10 and 70.
10
Calculate the highest common factor of 56 and 189.
7
What is the highest common divisor of 42 and 798?
42
Calculate the greatest common divisor of 72 and 120.
24
What is the highest common factor of 69 and 3?
3
What is the greatest common factor of 160 and 32?
32
Calculate the greatest common divisor of 2886 and 296.
74
What is the greatest common factor of 2905 and 105?
35
Calculate the greatest common divisor of 5 and 265.
5
What is the greatest common divisor of 20 and 3150?
10
What is the greatest common divisor of 196 and 8722?
98
What is the greatest common factor of 200 and 10120?
40
Calculate the highest common divisor of 15 and 36.
3
Calculate the highest common factor of 228 and 204.
12
Calculate the greatest common factor of 3 and 156.
3
What is the highest common factor of 172 and 3827?
43
What is the greatest common divisor of 32 and 592?
16
What is the highest common divisor of 180 and 288?
36
Calculate the greatest common divisor of 54 and 756.
54
Calculate the highest common divisor of 38 and 722.
38
What is the highest common factor of 2 and 166?
2
What is the greatest common factor of 41 and 82?
41
Calculate the greatest common factor of 30 and 45.
15
What is the greatest common factor of 416 and 1144?
104
What is the greatest common factor of 30 and 135?
15
Calculate the greatest common divisor of 3892 and 28.
28
Calculate the greatest common divisor of 162 and 6.
6
Calculate the greatest common divisor of 350 and 650.
50
Calculate the highest common divisor of 126 and 108.
18
Calculate the highest common factor of 340 and 19210.
170
Calculate the highest common divisor of 29465 and 355.
355
Calculate the greatest common divisor of 873 and 4171.
97
Calculate the greatest common divisor of 2474 and 2.
2
What is the highest common factor of 16 and 144?
16
What is the greatest common factor of 28 and 128?
4
Calculate the greatest common divisor of 255 and 75.
15
What is the greatest common divisor of 174 and 957?
87
Calculate the highest common divisor of 117 and 2717.
13
Calculate the highest common divisor of 1 and 54.
1
Calculate the greatest common factor of 22 and 3883.
11
Calculate the greatest common factor of 8 and 22.
2
What is the highest common factor of 24 and 15?
3
Calculate the greatest common divisor of 4221 and 252.
63
What is the highest common factor of 196 and 4?
4
What is the greatest common factor of 39 and 299?
13
What is the greatest common factor of 2910 and 60?
30
What is the greatest common divisor of 67 and 1072?
67
Calculate the greatest common factor of 70 and 16765.
35
What is the highest common divisor of 84 and 39732?
84
Calculate the greatest common factor of 1299 and 4.
1
What is the greatest common factor of 57 and 1387?
19
Calculate the highest common divisor of 16 and 28624.
16
What is the greatest common factor of 242 and 88?
22
What is the highest common divisor of 248 and 186?
62
What is the highest common divisor of 100 and 16?
4
What is the highest common factor of 72 and 537?
3
What is the highest common divisor of 207 and 1449?
207
What is the greatest common divisor of 48 and 312?
24
Calculate the greatest common divisor of 2770 and 120.
10
Calculate the highest common divisor of 462 and 66.
66
What is the greatest common factor of 22 and 22?
22
What is the highest common factor of 63 and 162?
9
What is the greatest common factor of 105 and 2235?
15
What is the highest common factor of 10043 and 363?
121
What is the highest common divisor of 355 and 142?
71
What is the highest common factor of 1891 and 61?
61
Calculate the highest common divisor of 84 and 707.
7
What is the greatest common factor of 62424 and 72?
72
Calculate the highest common divisor of 486 and 216.
54
Calculate the greatest common divisor of 159 and 265.
53
Calculate the greatest common divisor of 4775 and 100.
25
What is the highest common factor of 15 and 2?
1
What is the greatest common divisor of 76 and 950?
38
Calculate the highest common factor of 1815 and 275.
55
What is the highest common divisor of 36 and 180?
36
What is the greatest common divisor of 5 and 23?
1
What is the highest common factor of 133 and 238?
7
What is the highest common factor of 1089 and 33?
33
What is the highest common factor of 247 and 520?
13
What is the greatest common factor of 9 and 420?
3
What is the greatest common divisor of 469 and 14?
7
What is the greatest common divisor of 77 and 7777?
77
Calculate the greatest common factor of 1160 and 80.
40
What is the greatest common divisor of 224 and 5152?
224
What is the highest common divisor of 34 and 578?
34
What is the highest common divisor of 4393 and 23?
23
Calculate the greatest common factor of 6784 and 53.
53
Calculate the greatest common factor of 12 and 60.
12
What is the greatest common factor of 686 and 112?
14
What is the greatest common factor of 27 and 54?
27
Calculate the highest common factor of 150 and 1650.
150
Calculate the greatest common factor of 3425 and 137.
137
What is the highest common factor of 308 and 224?
28
Calculate the highest common factor of 6912 and 128.
128
Calculate the greatest common factor of 3893 and 17.
17
Calculate the highest common divisor of 98 and 14.
14
What is the highest common divisor of 44 and 198?
22
What is the highest common divisor of 96 and 56544?
96
Calculate the highest common factor of 810 and 45.
45
What is the highest common factor of 194 and 29294?
194
What is the highest common factor of 1372 and 28?
28
What is the greatest common divisor of 669 and 9?
3
What i